{"id":47,"date":"2018-09-13T17:38:31","date_gmt":"2018-09-13T20:38:31","guid":{"rendered":"http:\/\/laboratoriodetipografia.com.br\/agreste\/?page_id=47"},"modified":"2019-11-06T17:00:06","modified_gmt":"2019-11-06T20:00:06","slug":"pesquisa","status":"publish","type":"page","link":"https:\/\/laboratoriodetipografia.com.br\/agreste\/pesquisa\/","title":{"rendered":"Pesquisa"},"content":{"rendered":"<h3>PROJETOS<\/h3>\n<h4>Em andamento<\/h4>\n<h4><a href=\"http:\/\/laboratoriodetipografia.com.br\/agreste\/bibliografia-tipografica\/\">BIBLIOGRAFIA TIPOGR\u00c1FICA<\/a><\/h4>\n<p>O Projeto de Pesquisa-A\u00e7\u00e3o, que teve inicio em agosto de 2010, tem o car\u00e1ter de desenvolver um site interativo, tipo blog, no qual internautas podem expressar suas impress\u00f5es a respeito de uma s\u00e9rie de obras relacionadas a tipografia, envolvendo os alunos de gradua\u00e7\u00e3o do Curso de Design do CAA matriculados na disciplina Historia da Tipografia, Produ\u00e7\u00e3o Gr\u00e1fica e Tipografia B\u00e1sica.<\/p>\n<p><a href=\"http:\/\/laboratoriodetipografia.com.br\/agreste\/bibliografia-tipografica\/\">Ver mais<\/a><\/p>\n<h4 class=\"entry-title single-title\"><a href=\"http:\/\/laboratoriodetipografia.com.br\/agreste\/proyecto-callejero-um-panorama-da-grafica-popular-da-america-latina\/\">PROYECTO CALLEJERO: UM PANORAMA DA GRA\u0301FICA POPULAR DA AME\u0301RICA LATINA<\/a><\/h4>\n<p>Este projeto, que tem como coordenadora Prof. F\u00e1tima Finizola, propo\u0303e a reunir impresso\u0303es de investigadores de 12 pai\u0301ses da Ame\u0301rica Latina sobre a gra\u0301fica popular, bem como as vive\u0302ncias dos arti\u0301fices que trabalham neste ofi\u0301cio nestas localidades.<\/p>\n<p><a href=\"http:\/\/laboratoriodetipografia.com.br\/agreste\/proyecto-callejero-um-panorama-da-grafica-popular-da-america-latina\/\">Ver mais<\/a><\/p>\n<hr \/>\n<h4>Conclu\u00eddos<\/h4>\n<h4><a href=\"http:\/\/laboratoriodetipografia.com.br\/agreste\/catalogacao-e-restauro\/\">CATALOGA\u00c7\u00c3O E RESTAURO<\/a><\/h4>\n<p>O restauro de artefatos iniciou-se com o acervo do Prof\u00ba. Me. Leonardo A. Costa, Buggy, promovendo uma atividade pr\u00e1tica entre discentes e docentes do Campus do Agreste da Universidade Federal de Pernambuco, e tamb\u00e9m teve suporte dos colaboradores do LTA.<\/p>\n<p><a href=\"http:\/\/laboratoriodetipografia.com.br\/agreste\/catalogacao-e-restauro\/\">Ver mais<\/a><\/p>\n<h4><a href=\"http:\/\/laboratoriodetipografia.com.br\/agreste\/conversas-com-o-tipografo-j-borges\/\">CONVERSAS COM O TIP\u00d3GRAFO J. BORGES<\/a><\/h4>\n<p>Este projeto trata da produ\u00e7\u00e3o e divulga\u00e7\u00e3o de um livro e um document\u00e1rio em v\u00eddeo sobre o trabalho tipogr\u00e1fico realizado pelo artista J. Borges. O per\u00edodo em que o of\u00edcio de tip\u00f3grafo acompanhou o de poeta e gravador na trajet\u00f3ria deste pernambucano ser\u00e1 mostrado ao grande p\u00fablico junto a uma face pouco conhecida da produ\u00e7\u00e3o de cordel no Nordeste brasileiro.<\/p>\n<p><a href=\"http:\/\/laboratoriodetipografia.com.br\/agreste\/conversas-com-o-tipografo-j-borges\/\">Ver mais<\/a><\/p>\n<h4 class=\"entry-title single-title\"><a href=\"http:\/\/laboratoriodetipografia.com.br\/agreste\/kit-tipo-grafico-modular-um-estudo-inspirado-nos-letreiramentos-populares-de-pernambuco\/\">KIT TIPO (GRA\u0301FICO) MODULAR: UM ESTUDO INSPIRADO NOS LETREIRAMENTOS POPULARES DE PERNAMBUCO<\/a><\/h4>\n<p>Este projeto de Iniciac\u0327a\u0303o Cienti\u0301fica teve como objetivo geral o desenvolvimento de um kit tipogra\u0301fico modular, inspirado na linguagem este\u0301tica dos letreiramentos populares do estado de Pernambuco, a ser utilizado como ferramenta dida\u0301tica no ensino das pra\u0301ticas tipogra\u0301ficas. Os letreiramentos populares presentes na Feira de Caruaru foram escolhidos como objeto de estudo dada a importa\u0302ncia da localidade como ponto de refere\u0302ncia para as diferentes manifestac\u0327o\u0303es da cultura popular e da cultura visual do Agreste e de Pernambuco.<\/p>\n<p><a href=\"http:\/\/laboratoriodetipografia.com.br\/agreste\/kit-tipo-grafico-modular-um-estudo-inspirado-nos-letreiramentos-populares-de-pernambuco\/\">Ver Mais<\/a><\/p>\n","protected":false},"excerpt":{"rendered":"<p>PROJETOS Em andamento BIBLIOGRAFIA TIPOGR\u00c1FICA O Projeto de Pesquisa-A\u00e7\u00e3o, que teve inicio em agosto de 2010, tem o car\u00e1ter de desenvolver um site interativo, tipo blog, no qual internautas podem expressar suas impress\u00f5es a respeito de uma s\u00e9rie de obras relacionadas a tipografia, envolvendo os alunos de gradua\u00e7\u00e3o do Curso de Design do CAA matriculados [&hellip;]<\/p>\n","protected":false},"author":2,"featured_media":0,"parent":0,"menu_order":0,"comment_status":"closed","ping_status":"closed","template":"template-fullwidth.php","meta":{"jetpack_post_was_ever_published":false},"jetpack_sharing_enabled":true,"jetpack_shortlink":"https:\/\/wp.me\/P2oFAv-L","_links":{"self":[{"href":"https:\/\/laboratoriodetipografia.com.br\/agreste\/wp-json\/wp\/v2\/pages\/47"}],"collection":[{"href":"https:\/\/laboratoriodetipografia.com.br\/agreste\/wp-json\/wp\/v2\/pages"}],"about":[{"href":"https:\/\/laboratoriodetipografia.com.br\/agreste\/wp-json\/wp\/v2\/types\/page"}],"author":[{"embeddable":true,"href":"https:\/\/laboratoriodetipografia.com.br\/agreste\/wp-json\/wp\/v2\/users\/2"}],"replies":[{"embeddable":true,"href":"https:\/\/laboratoriodetipografia.com.br\/agreste\/wp-json\/wp\/v2\/comments?post=47"}],"version-history":[{"count":8,"href":"https:\/\/laboratoriodetipografia.com.br\/agreste\/wp-json\/wp\/v2\/pages\/47\/revisions"}],"predecessor-version":[{"id":276,"href":"https:\/\/laboratoriodetipografia.com.br\/agreste\/wp-json\/wp\/v2\/pages\/47\/revisions\/276"}],"wp:attachment":[{"href":"https:\/\/laboratoriodetipografia.com.br\/agreste\/wp-json\/wp\/v2\/media?parent=47"}],"curies":[{"name":"wp","href":"https:\/\/api.w.org\/{rel}","templated":true}]}}